mmon divisor of 98 and g?
14
Let d be 6*(30/(-9) - -4). Suppose 6*b = 8*b - d. Suppose b*r = -3*l - r + 66, -4*r = 0. What is the highest common divisor of 198 and l?
22
Let a = 19 + 8. Let y(q) = q + 70. Let l be y(11). What is the greatest common factor of a and l?
27
Suppose 4*n + 101 = d, 0*n = 5*n + 5*d + 145. Let l = 38 + n. Calculate the highest common factor of l and 12.
12
Let d be (-32)/(-15) - (-4)/(-30). Suppose -l = -0*a - d*a - 160, l = -4*a + 142. What is the greatest common divisor of l and 14?
14
Let l(q) = 5 - 2*q**2 + 3*q**2 - 3*q + 2*q. Let h be l(0). Suppose -108 + 18 = -h*y. What is the greatest common factor of y and 90?
18
Let u(v) = v**2 + 6*v - 8. Let l be u(-8). Calculate the highest common divisor of l and 40.
8
Let y(o) = -7*o - 106. Let p be y(-17). Calculate the highest common divisor of 299 and p.
13
Let a(p) = -p**3 + 4*p**2 + 1. Let n be a(4). Suppose 2*o - n - 3 = 0. Suppose -53 - 147 = -o*f. Calculate the greatest common factor of 40 and f.
20
Let j = 38 - -50. What is the highest common factor of 132 and j?
44
Let a(l) = 125*l - 109. Let c be a(5). What is the highest common factor of 12 and c?
12
Suppose 3*r - 2*r = 16. Let i = 18 - r. Calculate the highest common factor of i and 3.
1
Let n(f) = -f**3 + 22*f**2 + 26*f + 54. Let r be n(23). What is the highest common factor of r and 1025?
41
Let n be ((-1)/(-4))/(3/276 + 0). Suppose 5*f - 127 = n. Calculate the highest common factor of 15 and f.
15
Let o = 198 - 184. What is the highest common divisor of o and 322?
14
Let n(q) = -q**3 - 5*q**2 - 6*q - 1. Let b be n(-4). What is the greatest common factor of b and 49?
7
Let a be (-11264)/(-55) + 5 - 2/(-10). Calculate the highest common divisor of 12 and a.
6
Suppose r = 5*v - 19, -3*v + 2*r = -5 - 12. Let o be -3 + (v - 7*-2). Let g = o - 11. What is the greatest common factor of g and 33?
3
Let l be -2 + -1 - 0/(-2 - 2). Let f be 1*(1 - (l - 0)). What is the greatest common divisor of 6 and f?
2
Suppose 610 = 3*c + 2*c. Suppose -c = -10*q - 32. What is the greatest common factor of q and 6?
3
Let f(g) = -9*g**3 - 6*g**2 + 12*g**3 + 7*g - 2*g**3 - 4 + 0*g**2. Let c be f(6). What is the greatest common factor of 190 and c?
38
Let m be 743/(-10)*-2 + (-34)/(-85). Suppose -5*z + m = -626. Calculate the greatest common divisor of 62 and z.
31
Let d = 0 - 3. Let v be 2/d - 116/(-12). Let j = v + -1. What is the highest common divisor of j and 56?
8
Suppose 4*r = 27 + 29. Let n = 26 + r. Calculate the highest common factor of 8 and n.
8
Let m = -58 - -38. Suppose -t - 4*t - 59 = 2*u, -2*t = 2*u + 44. Let x = u - m. Calculate the greatest common factor of 12 and x.
3
Let j = -147 + 227. Let v = j - 66. Calculate the highest common factor of v and 98.
14
Suppose s - 54 = -s. Suppose 144 = 104*g - 100*g. What is the highest common factor of s and g?
9
Suppose -13 = -2*p + 3. Suppose 71 = 3*v + 11. Let y = 36 - v. What is the highest common factor of y and p?
8
Let q(w) = w**2 - 2*w - 4. Let u be q(4). Suppose 7*x - 12 = 3*x + 4*i, -u*i = 3*x - 23. Calculate the highest common divisor of x and 40.
5
Let j(k) = 9*k**3 + 12*k**2 - 2*k - 8. Let l be j(4). Calculate the highest common factor of l and 94.
94
Suppose 1704 = 5*f - 5*o - 316, f - 3*o = 396. Calculate the highest common divisor of 48 and f.
24
Let x(f) be the first derivative of f**2 - 3*f + 2. Suppose 0*p + p + 20 = 5*q, -4*p = q - 25. Let s be x(p). Calculate the highest common divisor of 28 and s.
7
Let z = 387 - 348. What is the greatest common divisor of z and 3?
3
Suppose 2*q + 6*r - 75 = r, 3*q + 4*r - 109 = 0. Let h be 2/(-2) + 0 + 0/(-6). Let y be ((h - -5) + -5)*-7. Calculate the greatest common divisor of q and y.
7
Let s = 68 - 40. Let g = s - 15. Let m(f) = -107*f - 55. Let k be m(-1). Calculate the highest common divisor of k and g.
13
Let y = -28 + 32. Suppose 2*h - 4*g = -y, 2*h + g + 2*g - 31 = 0. What is the highest common divisor of 20 and h?
4
Let k be -7 + 16 + -2 + 4 + 1. Suppose p + 48 = 2*p. Calculate the highest common factor of p and k.
12
Suppose 7*n - 5*z - 5420 = 2*n, n = -5*z + 1102. Suppose 0 = -5*d - 387 + n. Suppose d = 3*c - 154. What is the greatest common divisor of 14 and c?
14
Let v(f) = -f + 11. Let n be v(11). Suppose -3*i = t - 95, n*t - 5*t = 5. Let d be -2*2*(-13 - -1). Calculate the highest common divisor of i and d.
16
Let l(g) = g**2 - 6*g - 19. Let y be l(10). What is the greatest common divisor of 749 and y?
7
Let w be (5 + (-635)/10)/(24/(-160)). Calculate the highest common divisor of 52 and w.
26
Let s(h) = h**2 + 2*h - 229. Let o be s(15). Calculate the greatest common factor of o and 39.
13
Suppose -2*g + 1144 = 2*o - 6*g, 4*o - 3*g = 2298. What is the highest common divisor of o and 320?
64
Suppose 230*y + 455 = 237*y. Calculate the greatest common divisor of 130 and y.
65
Let d(x) = -x**2 - 22*x - 80. Let b be d(-14). What is the greatest common factor of b and 24?
8
Suppose -5*k - 21 = -6. Let y be k/(2/(-8)*-3). Let g be (39/(-12) - y)*132. Calculate the highest common divisor of 66 and g.
33
Suppose 2*h = -6, -2*g = h - 6*h - 589. Let m = -98 + g. Calculate the greatest common factor of 21 and m.
21
Let o be 1/5 + 138/(-15). Let m be (-11)/(-9) + 2/o. Let q(r) = -r**2 + 21*r + 1. Let v be q(21). Calculate the greatest common factor of m and v.
1
Suppose 4*k - y = 1285, 5*k + 2*y = 3*y + 1605. Calculate the highest common factor of k and 5.
5
Suppose -3 = -4*s - 0*s - q, 4*q + 6 = 2*s. Suppose -7*m + 8*m = 2. Suppose -7 + 17 = m*u. Calculate the highest common divisor of u and s.
1
Suppose 19*z + 1580 = 23*z. Calculate the highest common factor of 79 and z.
79
Let r = 14 - 14. Let a be r/(-5) + 90/3. Suppose 15*b = 10*b + a. Calculate the greatest common factor of 15 and b.
3
Suppose 0 = 4*m - 2*y + 4*y + 144, -5*m - 4*y = 186. Let u = m + 41. What is the highest common factor of 35 and u?
7
Suppose -b - 3 = -3*h + h, -h + 2*b = -3. Let j = h + 52. Suppose 0 = -q + j - 5. Calculate the greatest common factor of 32 and q.
16
Let t be 42/5 + -2 + (-32)/80. Calculate the greatest common factor of 321 and t.
3
Let x = -1571 - -3164. Calculate the highest common factor of x and 59.
59
Let k be 153/27 + 10/(-6). Let y(a) = 4*a**2. Let x be y(3). What is the greatest common divisor of k and x?
4
Let r(i) = -i**2 - 6*i + 3. Let c be 10 - 4*(-3)/(-6). Suppose 2*b = 4, 0*a - c = a - b. Let k be r(a). What is the greatest common factor of k and 21?
3
Suppose v = 3*n + n - 545, -3*v = -5*n + 690. Suppose -3*s + 40 = g, -5 = 4*g - 3*g. What is the greatest common factor of n and s?
15
Let l(o) = -o**2 + 6*o + 10. Suppose -4*v = -62 + 18. Let w be l(v). Let s = -5 - w. Calculate the greatest common factor of s and 10.
10
Let q be -6*(65/10)/(-13). What is the highest common divisor of q and 34?
1
Suppose 0 = -2*c - 3*p - 2 - 0, 5*c + 4*p - 2 = 0. Suppose t - 2*r - c*r = -8, -3*r = 3*t - 21. Calculate the highest common factor of 8 and t.
4
Let w = -51 + 238. Let s = -1273 - -1290. Calculate the greatest common divisor of w and s.
17
Let o(y) = 74*y + 71. Let t be o(7). What is the greatest common divisor of t and 19?
19
Suppose -7*x + 1791 = -2*x - 3*l, -x = 5*l - 347. What is the greatest common divisor of x and 204?
51
Let u be -3*(-1)/((-6)/(-100)). Suppose -30 = 5*h - 8*h. What is the highest common divisor of u and h?
10
Suppose 126 = 4*q - q - 2*l, 0 = q + 4*l - 28. What is the greatest common factor of 30 and q?
10
Suppose -5*u = -42 - 58. Suppose 3*j + 4*f = 56, -4*j - j - 3*f = -97. Calculate the highest common divisor of j and u.
20
Suppose -6*q - 5200 = -q. Let r be (2 + -1)/((-10)/q). Calculate the highest common divisor of r and 13.
13
Suppose -3*g - 5*s + 6 + 48 = 0, -3*g + 54 = 4*s. Suppose 14 = 3*v - 22. Calculate the greatest common divisor of g and v.
6
Let r be (6/4)/(9/132). Suppose -924 = 452*v - 459*v. Calculate the greatest common factor of r and v.
22
Suppose 5*s + 215 = 3*a, s = 3*a - 68 - 167. Let v be (20 + -5)*4/6. What is the highest common divisor of v and a?
10
Let b be (-1056)/11*(-3)/(-3). Let z = b + 177. What is the greatest common divisor of z and 9?
9
Let y = 302 - 236. Let a = 72 + -50. What is the highest common factor of y and a?
22
Suppose 0 = -4*d - g + 180, 0*d + 2*g - 